{"id":230,"date":"2025-11-24T13:21:35","date_gmt":"2025-11-24T13:21:35","guid":{"rendered":"https:\/\/kleintiernothilfe.de\/?page_id=230"},"modified":"2025-11-24T13:25:18","modified_gmt":"2025-11-24T13:25:18","slug":"klein-tiernothilfe-thueringen-e-v","status":"publish","type":"page","link":"https:\/\/kleintiernothilfe.de\/","title":{"rendered":"Klein.Tiernothilfe Th\u00fcringen e.V."},"content":{"rendered":"\n<h2 class=\"wp-block-heading\" id=\"we-re-a-studio-in-berlin-with-an-international-practice-in-architecture-urban-planning-and-interior-design-we-believe-in-sharing-knowledge-and-promoting-dialogue-to-increase-the-creative-potential-of-collaboration\">Klein.Tiernothilfe Th\u00fcringen e.V.<\/h2>\n\n\n\n<figure class=\"wp-block-image\"><img loading=\"lazy\" decoding=\"async\" width=\"1024\" height=\"242\" src=\"https:\/\/kleintiernothilfe.de\/wp-content\/uploads\/2025\/11\/306009241_421592363447666_3846724003131526891_n-1024x242.jpg\" alt=\"\" class=\"wp-image-105\" srcset=\"https:\/\/kleintiernothilfe.de\/wp-content\/uploads\/2025\/11\/306009241_421592363447666_3846724003131526891_n-1024x242.jpg 1024w, https:\/\/kleintiernothilfe.de\/wp-content\/uploads\/2025\/11\/306009241_421592363447666_3846724003131526891_n-300x71.jpg 300w, https:\/\/kleintiernothilfe.de\/wp-content\/uploads\/2025\/11\/306009241_421592363447666_3846724003131526891_n-768x182.jpg 768w, https:\/\/kleintiernothilfe.de\/wp-content\/uploads\/2025\/11\/306009241_421592363447666_3846724003131526891_n.jpg 1440w\" sizes=\"auto, (max-width: 767px) 89vw, (max-width: 1000px) 54vw, (max-width: 1071px) 543px, 580px\" \/><\/figure>\n\n\n\n<p>Vorab: In dringenden und lebensbedrohlich Notf\u00e4llen bitte direkt die 015783889826 anrufen.<br>Wir bitten Sie auch im Fall einer Kl\u00e4rung, ob es sich um einen solchen handelt, ebenfalls diese Nummer zu kontaktieren.<\/p>\n\n\n\n<h2 class=\"wp-block-heading\">Willkommen bei der Klein.Tiernothilfe Th\u00fcringen<\/h2>\n\n\n\n<p>Ihre spezialisierte Station f\u00fcr Tr\u00e4chtigkeit, Geburt und Aufzucht<\/p>\n\n\n\n<p>Mit langj\u00e4hriger Erfahrung stehen wir Tieren und ihren Haltern in besonders sensiblen Lebensphasen zur Seite. Unser Schwerpunkt liegt auf der umfassenden Betreuung von Klein- und Heimtieren sowie kleinen Wiederk\u00e4uern \u2013 vom ersten Verdacht einer Risikotr\u00e4chtigkeit bis zur sicheren Aufzucht der Jungtiere.<\/p>\n\n\n\n<p><em>Unsere Fachbereiche im \u00dcberblick<\/em>:<\/p>\n\n\n\n<p>Risikotr\u00e4chtigkeiten &amp; Resorptionsst\u00f6rungen<\/p>\n\n\n\n<figure class=\"wp-block-image\"><img loading=\"lazy\" decoding=\"async\" width=\"1024\" height=\"768\" src=\"https:\/\/kleintiernothilfe.de\/wp-content\/uploads\/2025\/11\/481233746_973958398179970_5321459473111897602_n-1024x768.jpg\" alt=\"\" class=\"wp-image-172\" srcset=\"https:\/\/kleintiernothilfe.de\/wp-content\/uploads\/2025\/11\/481233746_973958398179970_5321459473111897602_n-1024x768.jpg 1024w, https:\/\/kleintiernothilfe.de\/wp-content\/uploads\/2025\/11\/481233746_973958398179970_5321459473111897602_n-300x225.jpg 300w, https:\/\/kleintiernothilfe.de\/wp-content\/uploads\/2025\/11\/481233746_973958398179970_5321459473111897602_n-768x576.jpg 768w, https:\/\/kleintiernothilfe.de\/wp-content\/uploads\/2025\/11\/481233746_973958398179970_5321459473111897602_n-1536x1152.jpg 1536w, https:\/\/kleintiernothilfe.de\/wp-content\/uploads\/2025\/11\/481233746_973958398179970_5321459473111897602_n.jpg 2048w\" sizes=\"auto, (max-width: 767px) 89vw, (max-width: 1000px) 54vw, (max-width: 1071px) 543px, 580px\" \/><\/figure>\n\n\n\n<p>Unterst\u00fctzung bei Geburtskomplikationen<\/p>\n\n\n\n<figure class=\"wp-block-image\"><img loading=\"lazy\" decoding=\"async\" width=\"1024\" height=\"768\" src=\"https:\/\/kleintiernothilfe.de\/wp-content\/uploads\/2025\/11\/480698355_971794535063023_4236776776453088673_n-1024x768.jpg\" alt=\"\" class=\"wp-image-174\" srcset=\"https:\/\/kleintiernothilfe.de\/wp-content\/uploads\/2025\/11\/480698355_971794535063023_4236776776453088673_n-1024x768.jpg 1024w, https:\/\/kleintiernothilfe.de\/wp-content\/uploads\/2025\/11\/480698355_971794535063023_4236776776453088673_n-300x225.jpg 300w, https:\/\/kleintiernothilfe.de\/wp-content\/uploads\/2025\/11\/480698355_971794535063023_4236776776453088673_n-768x576.jpg 768w, https:\/\/kleintiernothilfe.de\/wp-content\/uploads\/2025\/11\/480698355_971794535063023_4236776776453088673_n-1536x1152.jpg 1536w, https:\/\/kleintiernothilfe.de\/wp-content\/uploads\/2025\/11\/480698355_971794535063023_4236776776453088673_n.jpg 2048w\" sizes=\"auto, (max-width: 767px) 89vw, (max-width: 1000px) 54vw, (max-width: 1071px) 543px, 580px\" \/><\/figure>\n\n\n\n<p>Ammen- und&nbsp;<\/p>\n\n\n\n<figure class=\"wp-block-image\"><img loading=\"lazy\" decoding=\"async\" width=\"768\" height=\"1024\" src=\"https:\/\/kleintiernothilfe.de\/wp-content\/uploads\/2025\/11\/486090589_1014071944199702_4716283577789514844_n-768x1024.jpg\" alt=\"\" class=\"wp-image-175\" srcset=\"https:\/\/kleintiernothilfe.de\/wp-content\/uploads\/2025\/11\/486090589_1014071944199702_4716283577789514844_n-768x1024.jpg 768w, https:\/\/kleintiernothilfe.de\/wp-content\/uploads\/2025\/11\/486090589_1014071944199702_4716283577789514844_n-225x300.jpg 225w, https:\/\/kleintiernothilfe.de\/wp-content\/uploads\/2025\/11\/486090589_1014071944199702_4716283577789514844_n-1152x1536.jpg 1152w, https:\/\/kleintiernothilfe.de\/wp-content\/uploads\/2025\/11\/486090589_1014071944199702_4716283577789514844_n.jpg 1200w\" sizes=\"auto, (max-width: 767px) 89vw, (max-width: 1000px) 54vw, (max-width: 1071px) 543px, 580px\" \/><\/figure>\n\n\n\n<p>Ammengebundene Aufzucht<\/p>\n\n\n\n<figure class=\"wp-block-image\"><img loading=\"lazy\" decoding=\"async\" width=\"206\" height=\"206\" src=\"https:\/\/kleintiernothilfe.de\/wp-content\/uploads\/2025\/11\/476639834_981554487451448_8704034735743842426_n.jpg\" alt=\"\" class=\"wp-image-177\" srcset=\"https:\/\/kleintiernothilfe.de\/wp-content\/uploads\/2025\/11\/476639834_981554487451448_8704034735743842426_n.jpg 206w, https:\/\/kleintiernothilfe.de\/wp-content\/uploads\/2025\/11\/476639834_981554487451448_8704034735743842426_n-150x150.jpg 150w, https:\/\/kleintiernothilfe.de\/wp-content\/uploads\/2025\/11\/476639834_981554487451448_8704034735743842426_n-100x100.jpg 100w\" sizes=\"auto, (max-width: 206px) 100vw, 206px\" \/><\/figure>\n\n\n\n<p>Begleitaufzucht<\/p>\n\n\n\n<figure class=\"wp-block-image\"><img loading=\"lazy\" decoding=\"async\" width=\"463\" height=\"1024\" src=\"https:\/\/kleintiernothilfe.de\/wp-content\/uploads\/2025\/11\/Screenshot_20250430_192250_com_facebook_katana_ImmersiveActivity-463x1024.jpg\" alt=\"\" class=\"wp-image-178\" srcset=\"https:\/\/kleintiernothilfe.de\/wp-content\/uploads\/2025\/11\/Screenshot_20250430_192250_com_facebook_katana_ImmersiveActivity-463x1024.jpg 463w, https:\/\/kleintiernothilfe.de\/wp-content\/uploads\/2025\/11\/Screenshot_20250430_192250_com_facebook_katana_ImmersiveActivity-136x300.jpg 136w, https:\/\/kleintiernothilfe.de\/wp-content\/uploads\/2025\/11\/Screenshot_20250430_192250_com_facebook_katana_ImmersiveActivity-768x1698.jpg 768w, https:\/\/kleintiernothilfe.de\/wp-content\/uploads\/2025\/11\/Screenshot_20250430_192250_com_facebook_katana_ImmersiveActivity-695x1536.jpg 695w, https:\/\/kleintiernothilfe.de\/wp-content\/uploads\/2025\/11\/Screenshot_20250430_192250_com_facebook_katana_ImmersiveActivity-926x2048.jpg 926w, https:\/\/kleintiernothilfe.de\/wp-content\/uploads\/2025\/11\/Screenshot_20250430_192250_com_facebook_katana_ImmersiveActivity.jpg 1080w\" sizes=\"auto, (max-width: 463px) 100vw, 463px\" \/><\/figure>\n\n\n\n<p>Art\u00fcbergreifende Aufzucht<\/p>\n\n\n\n<figure class=\"wp-block-image\"><img loading=\"lazy\" decoding=\"async\" width=\"1024\" height=\"768\" src=\"https:\/\/kleintiernothilfe.de\/wp-content\/uploads\/2025\/11\/485001248_1011867574420139_7224250310160687954_n-1024x768.jpg\" alt=\"\" class=\"wp-image-179\" srcset=\"https:\/\/kleintiernothilfe.de\/wp-content\/uploads\/2025\/11\/485001248_1011867574420139_7224250310160687954_n-1024x768.jpg 1024w, https:\/\/kleintiernothilfe.de\/wp-content\/uploads\/2025\/11\/485001248_1011867574420139_7224250310160687954_n-300x225.jpg 300w, https:\/\/kleintiernothilfe.de\/wp-content\/uploads\/2025\/11\/485001248_1011867574420139_7224250310160687954_n-768x576.jpg 768w, https:\/\/kleintiernothilfe.de\/wp-content\/uploads\/2025\/11\/485001248_1011867574420139_7224250310160687954_n-1536x1152.jpg 1536w, https:\/\/kleintiernothilfe.de\/wp-content\/uploads\/2025\/11\/485001248_1011867574420139_7224250310160687954_n.jpg 2048w\" sizes=\"auto, (max-width: 767px) 89vw, (max-width: 1000px) 54vw, (max-width: 1071px) 543px, 580px\" \/><\/figure>\n\n\n\n<p>Handaufzucht &amp;&nbsp;<\/p>\n\n\n\n<figure class=\"wp-block-image\"><img loading=\"lazy\" decoding=\"async\" width=\"768\" height=\"1024\" src=\"https:\/\/kleintiernothilfe.de\/wp-content\/uploads\/2025\/11\/484317286_1008545124752384_7709309546380812224_n-768x1024.jpg\" alt=\"\" class=\"wp-image-180\" srcset=\"https:\/\/kleintiernothilfe.de\/wp-content\/uploads\/2025\/11\/484317286_1008545124752384_7709309546380812224_n-768x1024.jpg 768w, https:\/\/kleintiernothilfe.de\/wp-content\/uploads\/2025\/11\/484317286_1008545124752384_7709309546380812224_n-225x300.jpg 225w, https:\/\/kleintiernothilfe.de\/wp-content\/uploads\/2025\/11\/484317286_1008545124752384_7709309546380812224_n-1152x1536.jpg 1152w, https:\/\/kleintiernothilfe.de\/wp-content\/uploads\/2025\/11\/484317286_1008545124752384_7709309546380812224_n.jpg 1536w\" sizes=\"auto, (max-width: 767px) 89vw, (max-width: 1000px) 54vw, (max-width: 1071px) 543px, 580px\" \/><\/figure>\n\n\n\n<p>Neonatal-Intensivpflege<\/p>\n\n\n\n<figure class=\"wp-block-image\"><img loading=\"lazy\" decoding=\"async\" width=\"945\" height=\"712\" src=\"https:\/\/kleintiernothilfe.de\/wp-content\/uploads\/2025\/11\/495369642_1048666857406877_4352453850730374255_n.jpg\" alt=\"\" class=\"wp-image-181\" srcset=\"https:\/\/kleintiernothilfe.de\/wp-content\/uploads\/2025\/11\/495369642_1048666857406877_4352453850730374255_n.jpg 945w, https:\/\/kleintiernothilfe.de\/wp-content\/uploads\/2025\/11\/495369642_1048666857406877_4352453850730374255_n-300x226.jpg 300w, https:\/\/kleintiernothilfe.de\/wp-content\/uploads\/2025\/11\/495369642_1048666857406877_4352453850730374255_n-768x579.jpg 768w\" sizes=\"auto, (max-width: 767px) 89vw, (max-width: 1000px) 54vw, (max-width: 1071px) 543px, 580px\" \/><\/figure>\n\n\n\n<p>Dar\u00fcber hinaus leisten wir wichtige Arbeit in der Erst- und Notversorgung von Wildtieren.<\/p>\n\n\n\n<figure class=\"wp-block-image\"><img loading=\"lazy\" decoding=\"async\" width=\"577\" height=\"1024\" src=\"https:\/\/kleintiernothilfe.de\/wp-content\/uploads\/2025\/11\/518124043_1100614592212103_8237994561930965419_n-577x1024.jpg\" alt=\"\" class=\"wp-image-182\" srcset=\"https:\/\/kleintiernothilfe.de\/wp-content\/uploads\/2025\/11\/518124043_1100614592212103_8237994561930965419_n-577x1024.jpg 577w, https:\/\/kleintiernothilfe.de\/wp-content\/uploads\/2025\/11\/518124043_1100614592212103_8237994561930965419_n-169x300.jpg 169w, https:\/\/kleintiernothilfe.de\/wp-content\/uploads\/2025\/11\/518124043_1100614592212103_8237994561930965419_n-768x1364.jpg 768w, https:\/\/kleintiernothilfe.de\/wp-content\/uploads\/2025\/11\/518124043_1100614592212103_8237994561930965419_n-865x1536.jpg 865w, https:\/\/kleintiernothilfe.de\/wp-content\/uploads\/2025\/11\/518124043_1100614592212103_8237994561930965419_n.jpg 1153w\" sizes=\"auto, (max-width: 577px) 100vw, 577px\" \/><\/figure>\n\n\n\n<p>Mit Herz, Fachkompetenz und viel Erfahrung sorgen wir daf\u00fcr, dass jedes Tier die Chance auf einen guten Start ins Leben bekommt.<\/p>\n\n\n\n<figure class=\"wp-block-image\"><img loading=\"lazy\" decoding=\"async\" width=\"1024\" height=\"1015\" src=\"https:\/\/kleintiernothilfe.de\/wp-content\/uploads\/2025\/11\/IMG_20190429_114210_1-1024x1015.jpg\" alt=\"\" class=\"wp-image-148\" srcset=\"https:\/\/kleintiernothilfe.de\/wp-content\/uploads\/2025\/11\/IMG_20190429_114210_1-1024x1015.jpg 1024w, https:\/\/kleintiernothilfe.de\/wp-content\/uploads\/2025\/11\/IMG_20190429_114210_1-300x297.jpg 300w, https:\/\/kleintiernothilfe.de\/wp-content\/uploads\/2025\/11\/IMG_20190429_114210_1-150x150.jpg 150w, https:\/\/kleintiernothilfe.de\/wp-content\/uploads\/2025\/11\/IMG_20190429_114210_1-768x761.jpg 768w, https:\/\/kleintiernothilfe.de\/wp-content\/uploads\/2025\/11\/IMG_20190429_114210_1-1536x1522.jpg 1536w, https:\/\/kleintiernothilfe.de\/wp-content\/uploads\/2025\/11\/IMG_20190429_114210_1-2048x2030.jpg 2048w, https:\/\/kleintiernothilfe.de\/wp-content\/uploads\/2025\/11\/IMG_20190429_114210_1-100x100.jpg 100w\" sizes=\"auto, (max-width: 767px) 89vw, (max-width: 1000px) 54vw, (max-width: 1071px) 543px, 580px\" \/><\/figure>\n\n\n\n<figure class=\"wp-block-image\"><img loading=\"lazy\" decoding=\"async\" width=\"1024\" height=\"768\" src=\"https:\/\/kleintiernothilfe.de\/wp-content\/uploads\/2025\/11\/493721373_1048685430738353_1823965808034803389_n-1024x768.jpg\" alt=\"\" class=\"wp-image-149\" srcset=\"https:\/\/kleintiernothilfe.de\/wp-content\/uploads\/2025\/11\/493721373_1048685430738353_1823965808034803389_n-1024x768.jpg 1024w, https:\/\/kleintiernothilfe.de\/wp-content\/uploads\/2025\/11\/493721373_1048685430738353_1823965808034803389_n-300x225.jpg 300w, https:\/\/kleintiernothilfe.de\/wp-content\/uploads\/2025\/11\/493721373_1048685430738353_1823965808034803389_n-768x576.jpg 768w, https:\/\/kleintiernothilfe.de\/wp-content\/uploads\/2025\/11\/493721373_1048685430738353_1823965808034803389_n-1536x1152.jpg 1536w, https:\/\/kleintiernothilfe.de\/wp-content\/uploads\/2025\/11\/493721373_1048685430738353_1823965808034803389_n.jpg 2048w\" sizes=\"auto, (max-width: 767px) 89vw, (max-width: 1000px) 54vw, (max-width: 1071px) 543px, 580px\" \/><\/figure>\n\n\n\n<figure class=\"wp-block-image\"><img loading=\"lazy\" decoding=\"async\" width=\"1024\" height=\"768\" src=\"https:\/\/kleintiernothilfe.de\/wp-content\/uploads\/2025\/11\/494064916_1048675090739387_7946570172203231913_n-1024x768.jpg\" alt=\"\" class=\"wp-image-150\" srcset=\"https:\/\/kleintiernothilfe.de\/wp-content\/uploads\/2025\/11\/494064916_1048675090739387_7946570172203231913_n-1024x768.jpg 1024w, https:\/\/kleintiernothilfe.de\/wp-content\/uploads\/2025\/11\/494064916_1048675090739387_7946570172203231913_n-300x225.jpg 300w, https:\/\/kleintiernothilfe.de\/wp-content\/uploads\/2025\/11\/494064916_1048675090739387_7946570172203231913_n-768x576.jpg 768w, https:\/\/kleintiernothilfe.de\/wp-content\/uploads\/2025\/11\/494064916_1048675090739387_7946570172203231913_n-1536x1152.jpg 1536w, https:\/\/kleintiernothilfe.de\/wp-content\/uploads\/2025\/11\/494064916_1048675090739387_7946570172203231913_n.jpg 2048w\" sizes=\"auto, (max-width: 767px) 89vw, (max-width: 1000px) 54vw, (max-width: 1071px) 543px, 580px\" \/><\/figure>\n","protected":false},"excerpt":{"rendered":"<p>Klein.Tiernothilfe Th\u00fcringen e.V. Vorab: In dringenden und lebensbedrohlich Notf\u00e4llen bitte direkt die 015783889826 anrufen.Wir bitten Sie auch im Fall einer Kl\u00e4rung, ob es sich um einen solchen handelt, ebenfalls diese Nummer zu kontaktieren. Willkommen bei der Klein.Tiernothilfe Th\u00fcringen Ihre spezialisierte Station f\u00fcr Tr\u00e4chtigkeit, Geburt und Aufzucht Mit langj\u00e4hriger Erfahrung stehen wir Tieren und ihren Haltern &hellip; <\/p>\n<p class=\"link-more\"><a href=\"https:\/\/kleintiernothilfe.de\/\" class=\"more-link\"><span class=\"screen-reader-text\">\u201eKlein.Tiernothilfe Th\u00fcringen e.V.\u201c <\/span>weiterlesen<\/a><\/p>\n","protected":false},"author":1,"featured_media":0,"parent":0,"menu_order":0,"comment_status":"closed","ping_status":"closed","template":"","meta":{"footnotes":""},"class_list":["post-230","page","type-page","status-publish","hentry"],"_links":{"self":[{"href":"https:\/\/kleintiernothilfe.de\/index.php?rest_route=\/wp\/v2\/pages\/230","targetHints":{"allow":["GET"]}}],"collection":[{"href":"https:\/\/kleintiernothilfe.de\/index.php?rest_route=\/wp\/v2\/pages"}],"about":[{"href":"https:\/\/kleintiernothilfe.de\/index.php?rest_route=\/wp\/v2\/types\/page"}],"author":[{"embeddable":true,"href":"https:\/\/kleintiernothilfe.de\/index.php?rest_route=\/wp\/v2\/users\/1"}],"replies":[{"embeddable":true,"href":"https:\/\/kleintiernothilfe.de\/index.php?rest_route=%2Fwp%2Fv2%2Fcomments&post=230"}],"version-history":[{"count":2,"href":"https:\/\/kleintiernothilfe.de\/index.php?rest_route=\/wp\/v2\/pages\/230\/revisions"}],"predecessor-version":[{"id":232,"href":"https:\/\/kleintiernothilfe.de\/index.php?rest_route=\/wp\/v2\/pages\/230\/revisions\/232"}],"wp:attachment":[{"href":"https:\/\/kleintiernothilfe.de\/index.php?rest_route=%2Fwp%2Fv2%2Fmedia&parent=230"}],"curies":[{"name":"wp","href":"https:\/\/api.w.org\/{rel}","templated":true}]}}